hat is the remainder when 5018 is divided by 959?
223
Calculate the remainder when 75053 is divided by 1924.
17
Calculate the remainder when 251133 is divided by 1225.
8
What is the remainder when 1688 is divided by 960?
728
Calculate the remainder when 211001 is divided by 293.
41
Calculate the remainder when 76773 is divided by 76767.
6
What is the remainder when 118403 is divided by 23?
22
What is the remainder when 12686 is divided by 59?
1
Calculate the remainder when 397 is divided by 140.
117
What is the remainder when 1902 is divided by 149?
114
What is the remainder when 5826 is divided by 1923?
57
What is the remainder when 4033629 is divided by 24?
21
What is the remainder when 1117 is divided by 6?
1
What is the remainder when 5898 is divided by 98?
18
What is the remainder when 523386 is divided by 135?
126
What is the remainder when 10152 is divided by 963?
522
What is the remainder when 11454 is divided by 763?
9
What is the remainder when 15204 is divided by 14?
0
Calculate the remainder when 793290 is divided by 48.
42
What is the remainder when 6436 is divided by 64?
36
What is the remainder when 449203 is divided by 122?
121
What is the remainder when 3993 is divided by 2138?
1855
Calculate the remainder when 10803 is divided by 569.
561
What is the remainder when 456405 is divided by 103?
12
Calculate the remainder when 106560 is divided by 111.
0
What is the remainder when 69020 is divided by 24?
20
What is the remainder when 31646 is divided by 1052?
86
Calculate the remainder when 358375 is divided by 55.
50
Calculate the remainder when 41364 is divided by 41363.
1
What is the remainder when 21463 is divided by 215?
178
Calculate the remainder when 19814 is divided by 982.
174
Calculate the remainder when 17124 is divided by 571.
565
What is the remainder when 7154 is divided by 102?
14
What is the remainder when 26607 is divided by 375?
357
What is the remainder when 12882 is divided by 6432?
18
What is the remainder when 12464 is divided by 12231?
233
Calculate the remainder when 13198 is divided by 12.
10
What is the remainder when 29637 is divided by 5830?
487
What is the remainder when 2740 is divided by 61?
56
Calculate the remainder when 130748 is divided by 69.
62
Calculate the remainder when 1016 is divided by 20.
16
Calculate the remainder when 12987 is divided by 3056.
763
What is the remainder when 676 is divided by 609?
67
Calculate the remainder when 4009 is divided by 3983.
26
Calculate the remainder when 2561 is divided by 820.
101
What is the remainder when 5019 is divided by 140?
119
What is the remainder when 1231 is divided by 410?
1
Calculate the remainder when 3201 is divided by 403.
380
Calculate the remainder when 2963 is divided by 1433.
97
What is the remainder when 606862 is divided by 5?
2
What is the remainder when 12175 is divided by 73?
57
Calculate the remainder when 901 is divided by 54.
37
Calculate the remainder when 37159 is divided by 7.
3
What is the remainder when 992 is divided by 455?
82
What is the remainder when 5890 is divided by 491?
489
Calculate the remainder when 147980 is divided by 24662.
8
What is the remainder when 14168 is divided by 4686?
110
What is the remainder when 246615 is divided by 49323?
0
Calculate the remainder when 140208 is divided by 10.
8
Calculate the remainder when 3591406 is divided by 6.
4
What is the remainder when 166039 is divided by 171?
169
Calculate the remainder when 1665 is divided by 61.
18
What is the remainder when 58009 is divided by 27?
13
What is the remainder when 169492 is divided by 283?
258
What is the remainder when 140899 is divided by 50?
49
What is the remainder when 30675 is divided by 7666?
11
Calculate the remainder when 8911 is divided by 1777.
26
What is the remainder when 106656 is divided by 3047?
11
Calculate the remainder when 8750 is divided by 15.
5
What is the remainder when 1503 is divided by 360?
63
Calculate the remainder when 274916 is divided by 30.
26
What is the remainder when 906 is divided by 881?
25
What is the remainder when 19301 is divided by 95?
16
What is the remainder when 6171 is divided by 71?
65
What is the remainder when 15453 is divided by 174?
141
What is the remainder when 45871 is divided by 655?
21
Calculate the remainder when 12178 is divided by 870.
868
What is the remainder when 192476 is divided by 21386?
2
Calculate the remainder when 861 is divided by 546.
315
What is the remainder when 162882 is divided by 130?
122
Calculate the remainder when 20048123 is divided by 125.
123
Calculate the remainder when 9228 is divided by 899.
238
What is the remainder when 26005 is divided by 5200?
5
Calculate the remainder when 2174633 is divided by 693.
692
What is the remainder when 359 is divided by 163?
33
Calculate the remainder when 370222 is divided by 17.
13
Calculate the remainder when 3552 is divided by 699.
57
Calculate the remainder when 187511 is divided by 312.
311
Calculate the remainder when 11403 is divided by 517.
29
Calculate the remainder when 18476 is divided by 461.
36
What is the remainder when 26619 is divided by 8873?
0
Calculate the remainder when 209898 is divided by 202.
20
Calculate the remainder when 1066 is divided by 169.
52
Calculate the remainder when 3191 is divided by 54.
5
What is the remainder when 17824 is divided by 17?
8
What is the remainder when 102275 is divided by 547?
533
What is the remainder when 14978 is divided by 824?
146
What is the remainder when 210270 is divided by 402?
24
What is the remainder when 442 is divided by 169?
104
Calculate the remainder when 1977 is divided by 1952.
25
Calculate the remainder when 139320 is divided by 13.
12
What is the remainder when 72731 is divided by 18182?
3
Calculate the remainder when 142225 is divided by 28437.
40
Calculate the remainder when 1726 is divided by 286.
10
Calculate the remainder when 4932 is divided by 890.
482
What is the remainder when 486580 is divided by 6?
4
What is the remainder when 4489 is divided by 747?
7
What is the remainder when 37173 is divided by 64?
53
What is the remainder when 3923 is divided by 775?
48
Calculate the remainder when 14001 is divided by 1772.
1597
Calculate the remainder when 2788 is divided by 702.
682
What is the remainder when 1391 is divided by 164?
79
What is the remainder when 119396 is divided by 120?
116
What is the remainder when 315 is divided by 50?
15
What is the remainder when 157121 is divided by 12086?
3
What is the remainder when 2140 is divided by 429?
424
Calculate the remainder when 6033 is divided by 43.
13
What is the remainder when 3469 is divided by 151?
147
What is the remainder when 61728 is divided by 39?
30
Calculate the remainder when 915005 is divided by 68.
65
What is the remainder when 365924 is divided by 11?
9
Calculate the remainder when 5573 is divided by 60.
53
What is the remainder when 3855 is divided by 701?
350
Calculate the remainder when 13287 is divided by 313.
141
Calculate the remainder when 413 is divided by 386.
27
Calculate the remainder when 11217 is divided by 141.
78
What is the remainder when 44910 is divided by 463?
462
Calculate the remainder when 15056 is divided by 3764.
0
What is the remainder when 118009 is divided by 8428?
17
Calculate the remainder when 84 is divided by 49.
35
Calculate the remainder when 3479 is divided by 12.
11
Calculate the remainder when 61971 is divided by 590.
21
What is the remainder when 1760903 is divided by 148?
147
What is the remainder when 176002 is divided by 18?
16
Calculate the remainder when 6823 is divided by 65.
63
Calculate the remainder when 3902 is divided by 3854.
48
What is the remainder when 323841 is divided by 36?
21
What is the remainder when 10852 is divided by 278?
10
Calculate the remainder when 350 is divided by 62.
40
What is the remainder when 68107 is divided by 24?
19
Calculate the remainder when 9544 is divided by 632.
64
Calculate the remainder when 940 is divided by 459.
22
Calculate the remainder when 20270 is divided by 87.
86
Calculate the remainder when 29567 is divided by 1137.
5
Calculate the remainder when 51485 is divided by 8.
5
Calculate the remainder when 1052 is divided by 168.
44
What is the remainder when 4520 is divided by 1845